{"id":18,"date":"2023-08-17T12:47:41","date_gmt":"2023-08-17T10:47:41","guid":{"rendered":"https:\/\/floorremake.pl\/?page_id=18"},"modified":"2024-01-26T09:51:36","modified_gmt":"2024-01-26T08:51:36","slug":"o-nas","status":"publish","type":"page","link":"https:\/\/floorremake.pl\/index.php\/o-nas\/","title":{"rendered":"O nas"},"content":{"rendered":"\t\t<div data-elementor-type=\"wp-page\" data-elementor-id=\"18\" class=\"elementor elementor-18\" data-elementor-post-type=\"page\">\n\t\t\t\t\t\t<section class=\"elementor-section elementor-top-section elementor-element elementor-element-4182d73 elementor-section-boxed elementor-section-height-default elementor-section-height-default\" data-id=\"4182d73\" data-element_type=\"section\" data-e-type=\"section\" data-settings=\"{&quot;background_background&quot;:&quot;classic&quot;}\">\n\t\t\t\t\t\t<div class=\"elementor-container elementor-column-gap-default\">\n\t\t\t\t\t<div class=\"elementor-column elementor-col-50 elementor-top-column elementor-element elementor-element-343ad6b\" data-id=\"343ad6b\" data-element_type=\"column\" data-e-type=\"column\">\n\t\t\t<div class=\"elementor-widget-wrap elementor-element-populated\">\n\t\t\t\t\t\t<div class=\"elementor-element elementor-element-22062bc elementor-widget elementor-widget-spacer\" data-id=\"22062bc\" data-element_type=\"widget\" data-e-type=\"widget\" data-widget_type=\"spacer.default\">\n\t\t\t\t<div class=\"elementor-widget-container\">\n\t\t\t\t\t\t\t<div class=\"elementor-spacer\">\n\t\t\t<div class=\"elementor-spacer-inner\"><\/div>\n\t\t<\/div>\n\t\t\t\t\t\t<\/div>\n\t\t\t\t<\/div>\n\t\t\t\t<div class=\"elementor-element elementor-element-bfc6e19 elementor-widget__width-initial elementor-absolute elementor-widget-tablet__width-initial elementor-invisible elementor-widget elementor-widget-text-editor\" data-id=\"bfc6e19\" data-element_type=\"widget\" data-e-type=\"widget\" data-settings=\"{&quot;_position&quot;:&quot;absolute&quot;,&quot;_animation&quot;:&quot;fadeInUp&quot;}\" data-widget_type=\"text-editor.default\">\n\t\t\t\t<div class=\"elementor-widget-container\">\n\t\t\t\t\t\t\t\t\t<p style=\"text-align: left;\"><span style=\"font-size: 50px;\"><span style=\"color: #008000;\"><strong>O&nbsp;nas\u00a0<\/strong><\/span><\/span><\/p>\n<p>&nbsp;\n<p>&nbsp;&nbsp;&nbsp;&nbsp;&nbsp;<strong>Mamy przyjemno\u015b\u0107 w&nbsp;podejmowaniu wyzwa\u0144, realizacji wymagaj\u0105cych zada\u0144 i&nbsp;poczuciu odniesionego sukcesu&nbsp;\u2014 zadowolenia klienta.<\/strong>\t\t\t\t\t\t\t\t<\/div>\n\t\t\t\t<\/div>\n\t\t\t\t\t<\/div>\n\t\t<\/div>\n\t\t\t\t<div class=\"elementor-column elementor-col-50 elementor-top-column elementor-element elementor-element-7b3a2be\" data-id=\"7b3a2be\" data-element_type=\"column\" data-e-type=\"column\">\n\t\t\t<div class=\"elementor-widget-wrap elementor-element-populated\">\n\t\t\t\t\t\t<section class=\"elementor-section elementor-inner-section elementor-element elementor-element-869b5db elementor-section-boxed elementor-section-height-default elementor-section-height-default\" data-id=\"869b5db\" data-element_type=\"section\" data-e-type=\"section\">\n\t\t\t\t\t\t<div class=\"elementor-container elementor-column-gap-default\">\n\t\t\t\t\t<div class=\"elementor-column elementor-col-50 elementor-inner-column elementor-element elementor-element-ae96fa1\" data-id=\"ae96fa1\" data-element_type=\"column\" data-e-type=\"column\">\n\t\t\t<div class=\"elementor-widget-wrap\">\n\t\t\t\t\t\t\t<\/div>\n\t\t<\/div>\n\t\t\t\t<div class=\"elementor-column elementor-col-50 elementor-inner-column elementor-element elementor-element-08e6224\" data-id=\"08e6224\" data-element_type=\"column\" data-e-type=\"column\">\n\t\t\t<div class=\"elementor-widget-wrap\">\n\t\t\t\t\t\t\t<\/div>\n\t\t<\/div>\n\t\t\t\t\t<\/div>\n\t\t<\/section>\n\t\t\t\t\t<\/div>\n\t\t<\/div>\n\t\t\t\t\t<\/div>\n\t\t<\/section>\n\t\t\t\t<section class=\"elementor-section elementor-top-section elementor-element elementor-element-14d0187 elementor-section-boxed elementor-section-height-default elementor-section-height-default\" data-id=\"14d0187\" data-element_type=\"section\" data-e-type=\"section\">\n\t\t\t\t\t\t<div class=\"elementor-container elementor-column-gap-default\">\n\t\t\t\t\t<div class=\"elementor-column elementor-col-100 elementor-top-column elementor-element elementor-element-aec019a elementor-hidden-mobile\" data-id=\"aec019a\" data-element_type=\"column\" data-e-type=\"column\">\n\t\t\t<div class=\"elementor-widget-wrap elementor-element-populated\">\n\t\t\t\t\t\t<div class=\"elementor-element elementor-element-977e78c elementor-widget elementor-widget-spacer\" data-id=\"977e78c\" data-element_type=\"widget\" data-e-type=\"widget\" data-widget_type=\"spacer.default\">\n\t\t\t\t<div class=\"elementor-widget-container\">\n\t\t\t\t\t\t\t<div class=\"elementor-spacer\">\n\t\t\t<div class=\"elementor-spacer-inner\"><\/div>\n\t\t<\/div>\n\t\t\t\t\t\t<\/div>\n\t\t\t\t<\/div>\n\t\t\t\t\t<\/div>\n\t\t<\/div>\n\t\t\t\t\t<\/div>\n\t\t<\/section>\n\t\t\t\t<section class=\"elementor-section elementor-top-section elementor-element elementor-element-a6b782f elementor-section-boxed elementor-section-height-default elementor-section-height-default\" data-id=\"a6b782f\" data-element_type=\"section\" data-e-type=\"section\">\n\t\t\t\t\t\t<div class=\"elementor-container elementor-column-gap-default\">\n\t\t\t\t\t<div class=\"elementor-column elementor-col-50 elementor-top-column elementor-element elementor-element-eec0bcc\" data-id=\"eec0bcc\" data-element_type=\"column\" data-e-type=\"column\">\n\t\t\t<div class=\"elementor-widget-wrap elementor-element-populated\">\n\t\t\t\t\t\t<div class=\"elementor-element elementor-element-2399322 elementor-widget elementor-widget-text-editor\" data-id=\"2399322\" data-element_type=\"widget\" data-e-type=\"widget\" data-widget_type=\"text-editor.default\">\n\t\t\t\t<div class=\"elementor-widget-container\">\n\t\t\t\t\t\t\t\t\t<p>\u00a0\u00a0\u00a0\u00a0\u00a0Nasz\u0105 pasj\u0105 i\u00a0specjalizacj\u0105 jest wykonywanie i\u00a0zabezpieczania nowych pod\u0142\u00f3g, serwisowanie, modernizacja i\u00a0odnawianie we wszystkich bran\u017cach.<\/p><p>\u00a0<\/p><p>\u00a0\u00a0\u00a0\u00a0\u00a0Zu\u017cytym,\u00a0 istniej\u0105cych od lat, bez zrywania,\u00a0 oszcz\u0119dnie i\u00a0bez zb\u0119dnych przestoj\u00f3w\u00a0 przywracamy atrakcyjny, nowoczesny wygl\u0105d. Skutecznie je chronimy, aby&nbsp;pozosta\u0142y trwa\u0142e, funkcjonalne i\u00a0estetyczne przez&nbsp;wiele lat.<\/p><p>\u00a0<\/p><p>\u00a0\u00a0\u00a0\u00a0\u00a0Zajmujemy si\u0119 PVC, LVT, linoleum, gum\u0105, \u017cywicami, drewnem lakierowanym i\u00a0pod\u0142ogami mineralnymi.\u00a0 Wykonujemy czyszczenie wyk\u0142adzin dywanowych i\u00a0powierzchni tapicerowanych bez u\u017cycia wody (metod\u0105 Carpetlife) z\u00a0impregnacj\u0105 w\u0142\u00f3kien.<\/p><p>\u00a0<\/p><p>\u00a0\u00a0\u00a0\u00a0\u00a0<span style=\"font-size: 20px;\"><span style=\"color: #008000;\"><strong>Pasja, wiedza, do\u015bwiadczenie\u00a0\u2014 mix poparty zaanga\u017cowaniem to fundament naszych sukces\u00f3w.<\/strong><\/span><\/span><\/p>\t\t\t\t\t\t\t\t<\/div>\n\t\t\t\t<\/div>\n\t\t\t\t\t<\/div>\n\t\t<\/div>\n\t\t\t\t<div class=\"elementor-column elementor-col-50 elementor-top-column elementor-element elementor-element-ccee32b\" data-id=\"ccee32b\" data-element_type=\"column\" data-e-type=\"column\">\n\t\t\t<div class=\"elementor-widget-wrap elementor-element-populated\">\n\t\t\t\t\t\t<div class=\"elementor-element elementor-element-792a366 elementor-widget elementor-widget-image\" data-id=\"792a366\" data-element_type=\"widget\" data-e-type=\"widget\" data-widget_type=\"image.default\">\n\t\t\t\t<div class=\"elementor-widget-container\">\n\t\t\t\t\t\t\t\t\t\t\t\t\t\t\t<img fetchpriority=\"high\" decoding=\"async\" width=\"750\" height=\"750\" src=\"https:\/\/floorremake.pl\/wp-content\/uploads\/2023\/12\/Ekologicznie-6-1-scaled-1024x1024.jpg?v=1710857017\" class=\"attachment-large size-large wp-image-8109\" alt=\"\" srcset=\"https:\/\/floorremake.pl\/wp-content\/uploads\/2023\/12\/Ekologicznie-6-1-scaled-1024x1024.jpg?v=1710857017 1024w, https:\/\/floorremake.pl\/wp-content\/uploads\/2023\/12\/Ekologicznie-6-1-scaled-300x300.jpg?v=1710857017 300w, https:\/\/floorremake.pl\/wp-content\/uploads\/2023\/12\/Ekologicznie-6-1-scaled-150x150.jpg?v=1710857017 150w, https:\/\/floorremake.pl\/wp-content\/uploads\/2023\/12\/Ekologicznie-6-1-scaled-768x768.jpg?v=1710857017 768w, https:\/\/floorremake.pl\/wp-content\/uploads\/2023\/12\/Ekologicznie-6-1-scaled-1536x1536.jpg?v=1710857017 1536w, https:\/\/floorremake.pl\/wp-content\/uploads\/2023\/12\/Ekologicznie-6-1-scaled-2048x2048.jpg?v=1710857017 2048w, https:\/\/floorremake.pl\/wp-content\/uploads\/2023\/12\/Ekologicznie-6-1-scaled-700x700.jpg?v=1710857017 700w, https:\/\/floorremake.pl\/wp-content\/uploads\/2023\/12\/Ekologicznie-6-1-scaled-1568x1568.jpg?v=1710857017 1568w\" sizes=\"(max-width: 750px) 100vw, 750px\" style=\"width:100%;height:100%;max-width:2560px\" \/>\t\t\t\t\t\t\t\t\t\t\t\t\t\t\t<\/div>\n\t\t\t\t<\/div>\n\t\t\t\t\t<\/div>\n\t\t<\/div>\n\t\t\t\t\t<\/div>\n\t\t<\/section>\n\t\t\t\t<section class=\"elementor-section elementor-top-section elementor-element elementor-element-c772f65 elementor-section-boxed elementor-section-height-default elementor-section-height-default\" data-id=\"c772f65\" data-element_type=\"section\" data-e-type=\"section\">\n\t\t\t\t\t\t<div class=\"elementor-container elementor-column-gap-default\">\n\t\t\t\t\t<div class=\"elementor-column elementor-col-50 elementor-top-column elementor-element elementor-element-5d59d76\" data-id=\"5d59d76\" data-element_type=\"column\" data-e-type=\"column\">\n\t\t\t<div class=\"elementor-widget-wrap elementor-element-populated\">\n\t\t\t\t\t\t<div class=\"elementor-element elementor-element-6a9c21e elementor-widget__width-inherit elementor-widget elementor-widget-image\" data-id=\"6a9c21e\" data-element_type=\"widget\" data-e-type=\"widget\" data-widget_type=\"image.default\">\n\t\t\t\t<div class=\"elementor-widget-container\">\n\t\t\t\t\t\t\t\t\t\t\t\t\t\t\t<img decoding=\"async\" width=\"750\" height=\"750\" src=\"https:\/\/floorremake.pl\/wp-content\/uploads\/2023\/10\/snapedit_1698700897504-1024x1024.png?v=1710857937\" class=\"attachment-large size-large wp-image-3187\" alt=\"\" srcset=\"https:\/\/floorremake.pl\/wp-content\/uploads\/2023\/10\/snapedit_1698700897504-1024x1024.png?v=1710857937 1024w, https:\/\/floorremake.pl\/wp-content\/uploads\/2023\/10\/snapedit_1698700897504-300x300.png?v=1710857937 300w, https:\/\/floorremake.pl\/wp-content\/uploads\/2023\/10\/snapedit_1698700897504-150x150.png?v=1710857937 150w, https:\/\/floorremake.pl\/wp-content\/uploads\/2023\/10\/snapedit_1698700897504-768x768.png?v=1710857937 768w, https:\/\/floorremake.pl\/wp-content\/uploads\/2023\/10\/snapedit_1698700897504-700x700.png?v=1710857937 700w, https:\/\/floorremake.pl\/wp-content\/uploads\/2023\/10\/snapedit_1698700897504.png?v=1710857937 1334w\" sizes=\"(max-width: 750px) 100vw, 750px\" style=\"width:100%;height:100%;max-width:1334px\" \/>\t\t\t\t\t\t\t\t\t\t\t\t\t\t\t<\/div>\n\t\t\t\t<\/div>\n\t\t\t\t\t<\/div>\n\t\t<\/div>\n\t\t\t\t<div class=\"elementor-column elementor-col-50 elementor-top-column elementor-element elementor-element-4be346f\" data-id=\"4be346f\" data-element_type=\"column\" data-e-type=\"column\">\n\t\t\t<div class=\"elementor-widget-wrap elementor-element-populated\">\n\t\t\t\t\t\t<div class=\"elementor-element elementor-element-3092d42 elementor-widget elementor-widget-text-editor\" data-id=\"3092d42\" data-element_type=\"widget\" data-e-type=\"widget\" data-widget_type=\"text-editor.default\">\n\t\t\t\t<div class=\"elementor-widget-container\">\n\t\t\t\t\t\t\t\t\t<p><span style=\"font-size: 20px;\"><span style=\"color: #008000;\"><strong>Wa\u017cne, by wsp\u00f3\u0142pracowa\u0107 z&nbsp;najlepszymi<\/strong><\/span><\/span>\n\n<p>&nbsp;\n\n<p>&nbsp;&nbsp;&nbsp;&nbsp;&nbsp;Oferowane przez&nbsp;nas systemy Floor Remake to sprawdzone, w&nbsp;pe\u0142ni certyfikowane rozwi\u0105zania stosowane na&nbsp;ca\u0142ym \u015bwiecie, kt\u00f3re mog\u0105 by\u0107 wykorzystywane do&nbsp;odnawiania i&nbsp;modernizacji praktycznie wszystkich rodzaj\u00f3w pod\u0142\u00f3g.\n\n<p>&nbsp;\n\n<p>&nbsp;&nbsp;&nbsp;&nbsp;&nbsp;Na naszych stronach znajdziesz podpowiedzi dla&nbsp;r\u00f3\u017cnych grup obiekt\u00f3w i&nbsp;bran\u017c. Je\u015bli nie odnajdujesz w&nbsp;nich swojego, to po&nbsp;prostu napisz do&nbsp;nas maila lub&nbsp;skorzystaj z&nbsp;formularza kontaktowego i&nbsp;opisz w&nbsp;nim sw\u00f3j problem z&nbsp;pod\u0142og\u0105. Skontaktujemy si\u0119 z&nbsp;Tob\u0105 i&nbsp;postaramy si\u0119 pom\u00f3c.\n\n<p>&nbsp;\n\n<p>&nbsp;&nbsp;&nbsp;&nbsp;&nbsp;Zaproponujemy najlepsze z&nbsp;mo\u017cliwych rozwi\u0105za\u0144. Znajdziemy spos\u00f3b na&nbsp;Twoje zadowolenie.\t\t\t\t\t\t\t\t<\/div>\n\t\t\t\t<\/div>\n\t\t\t\t\t<\/div>\n\t\t<\/div>\n\t\t\t\t\t<\/div>\n\t\t<\/section>\n\t\t\t\t<section class=\"elementor-section elementor-top-section elementor-element elementor-element-1177a3c elementor-section-boxed elementor-section-height-default elementor-section-height-default\" data-id=\"1177a3c\" data-element_type=\"section\" data-e-type=\"section\">\n\t\t\t\t\t\t<div class=\"elementor-container elementor-column-gap-default\">\n\t\t\t\t\t<div class=\"elementor-column elementor-col-50 elementor-top-column elementor-element elementor-element-3e2378f\" data-id=\"3e2378f\" data-element_type=\"column\" data-e-type=\"column\">\n\t\t\t<div class=\"elementor-widget-wrap elementor-element-populated\">\n\t\t\t\t\t\t<div class=\"elementor-element elementor-element-3319ca3 elementor-widget elementor-widget-text-editor\" data-id=\"3319ca3\" data-element_type=\"widget\" data-e-type=\"widget\" data-widget_type=\"text-editor.default\">\n\t\t\t\t<div class=\"elementor-widget-container\">\n\t\t\t\t\t\t\t\t\t<p>&nbsp;&nbsp;&nbsp;&nbsp;&nbsp;Sprawd\u017a ju\u017c dzisiaj. Nie czekaj. Wystarczy, \u017ce&nbsp;zadzwonisz na&nbsp;nr <span style=\"color: #008000;\"><strong>+48\u00a0664\u00a0483\u00a0453<\/strong><\/span>, albo&nbsp;napiszesz do&nbsp;nas na&nbsp;maila lub&nbsp;korzystaj\u0105c z&nbsp;formularza kontaktowego.\t\t\t\t\t\t\t\t<\/div>\n\t\t\t\t<\/div>\n\t\t\t\t\t<\/div>\n\t\t<\/div>\n\t\t\t\t<div class=\"elementor-column elementor-col-50 elementor-top-column elementor-element elementor-element-9a139df\" data-id=\"9a139df\" data-element_type=\"column\" data-e-type=\"column\">\n\t\t\t<div class=\"elementor-widget-wrap\">\n\t\t\t\t\t\t\t<\/div>\n\t\t<\/div>\n\t\t\t\t\t<\/div>\n\t\t<\/section>\n\t\t\t\t<section class=\"elementor-section elementor-top-section elementor-element elementor-element-8114723 elementor-section-boxed elementor-section-height-default elementor-section-height-default\" data-id=\"8114723\" data-element_type=\"section\" data-e-type=\"section\">\n\t\t\t\t\t\t<div class=\"elementor-container elementor-column-gap-default\">\n\t\t\t\t\t<div class=\"elementor-column elementor-col-100 elementor-top-column elementor-element elementor-element-253f168\" data-id=\"253f168\" data-element_type=\"column\" data-e-type=\"column\">\n\t\t\t<div class=\"elementor-widget-wrap elementor-element-populated\">\n\t\t\t\t\t\t<div class=\"elementor-element elementor-element-9c62e85 elementor-widget elementor-widget-spacer\" data-id=\"9c62e85\" data-element_type=\"widget\" data-e-type=\"widget\" data-widget_type=\"spacer.default\">\n\t\t\t\t<div class=\"elementor-widget-container\">\n\t\t\t\t\t\t\t<div class=\"elementor-spacer\">\n\t\t\t<div class=\"elementor-spacer-inner\"><\/div>\n\t\t<\/div>\n\t\t\t\t\t\t<\/div>\n\t\t\t\t<\/div>\n\t\t\t\t\t<\/div>\n\t\t<\/div>\n\t\t\t\t\t<\/div>\n\t\t<\/section>\n\t\t\t\t<section class=\"elementor-section elementor-top-section elementor-element elementor-element-ec95ad4 elementor-section-full_width elementor-section-height-default elementor-section-height-default\" data-id=\"ec95ad4\" data-element_type=\"section\" data-e-type=\"section\" data-settings=\"{&quot;background_background&quot;:&quot;gradient&quot;}\">\n\t\t\t\t\t\t<div class=\"elementor-container elementor-column-gap-default\">\n\t\t\t\t\t<div class=\"elementor-column elementor-col-33 elementor-top-column elementor-element elementor-element-21eea06\" data-id=\"21eea06\" data-element_type=\"column\" data-e-type=\"column\">\n\t\t\t<div class=\"elementor-widget-wrap elementor-element-populated\">\n\t\t\t\t\t\t<div class=\"elementor-element elementor-element-8507569 elementor-widget elementor-widget-heading\" data-id=\"8507569\" data-element_type=\"widget\" data-e-type=\"widget\" data-widget_type=\"heading.default\">\n\t\t\t\t<div class=\"elementor-widget-container\">\n\t\t\t\t\t<h3 class=\"elementor-heading-title elementor-size-default\">Masz pytania?  <\/h3>\t\t\t\t<\/div>\n\t\t\t\t<\/div>\n\t\t\t\t\t<\/div>\n\t\t<\/div>\n\t\t\t\t<div class=\"elementor-column elementor-col-33 elementor-top-column elementor-element elementor-element-dc6296f\" data-id=\"dc6296f\" data-element_type=\"column\" data-e-type=\"column\">\n\t\t\t<div class=\"elementor-widget-wrap elementor-element-populated\">\n\t\t\t\t\t\t<div class=\"elementor-element elementor-element-6cbec86 elementor-widget elementor-widget-heading\" data-id=\"6cbec86\" data-element_type=\"widget\" data-e-type=\"widget\" data-widget_type=\"heading.default\">\n\t\t\t\t<div class=\"elementor-widget-container\">\n\t\t\t\t\t<h3 class=\"elementor-heading-title elementor-size-default\">Potrzebujesz porady?<\/h3>\t\t\t\t<\/div>\n\t\t\t\t<\/div>\n\t\t\t\t\t<\/div>\n\t\t<\/div>\n\t\t\t\t<div class=\"elementor-column elementor-col-33 elementor-top-column elementor-element elementor-element-d9f672d\" data-id=\"d9f672d\" data-element_type=\"column\" data-e-type=\"column\">\n\t\t\t<div class=\"elementor-widget-wrap elementor-element-populated\">\n\t\t\t\t\t\t<div class=\"elementor-element elementor-element-a948743 elementor-align-right elementor-mobile-align-center elementor-widget elementor-widget-button\" data-id=\"a948743\" data-element_type=\"widget\" data-e-type=\"widget\" data-widget_type=\"button.default\">\n\t\t\t\t<div class=\"elementor-widget-container\">\n\t\t\t\t\t\t\t\t\t<div class=\"elementor-button-wrapper\">\n\t\t\t\t\t<a class=\"elementor-button elementor-button-link elementor-size-md\" href=\"#\">\n\t\t\t\t\t\t<span class=\"elementor-button-content-wrapper\">\n\t\t\t\t\t\t<span class=\"elementor-button-icon\">\n\t\t\t\t<i aria-hidden=\"true\" class=\"fas fa-share\"><\/i>\t\t\t<\/span>\n\t\t\t\t\t\t\t\t\t<span class=\"elementor-button-text\">Nawi\u0105\u017c z&nbsp;nami kontakt <\/span>\n\t\t\t\t\t<\/span>\n\t\t\t\t\t<\/a>\n\t\t\t\t<\/div>\n\t\t\t\t\t\t\t\t<\/div>\n\t\t\t\t<\/div>\n\t\t\t\t\t<\/div>\n\t\t<\/div>\n\t\t\t\t\t<\/div>\n\t\t<\/section>\n\t\t\t\t<section class=\"elementor-section elementor-top-section elementor-element elementor-element-f65a86c elementor-section-full_width elementor-section-height-min-height elementor-section-height-default elementor-section-items-middle\" data-id=\"f65a86c\" data-element_type=\"section\" data-e-type=\"section\" data-settings=\"{&quot;background_background&quot;:&quot;gradient&quot;}\">\n\t\t\t\t\t\t<div class=\"elementor-container elementor-column-gap-default\">\n\t\t\t\t\t<div class=\"elementor-column elementor-col-100 elementor-top-column elementor-element elementor-element-f0bc143\" data-id=\"f0bc143\" data-element_type=\"column\" data-e-type=\"column\">\n\t\t\t<div class=\"elementor-widget-wrap elementor-element-populated\">\n\t\t\t\t\t\t<div class=\"elementor-element elementor-element-343da06 elementor-widget-divider--view-line elementor-widget elementor-widget-divider\" data-id=\"343da06\" data-element_type=\"widget\" data-e-type=\"widget\" data-widget_type=\"divider.default\">\n\t\t\t\t<div class=\"elementor-widget-container\">\n\t\t\t\t\t\t\t<div class=\"elementor-divider\">\n\t\t\t<span class=\"elementor-divider-separator\">\n\t\t\t\t\t\t<\/span>\n\t\t<\/div>\n\t\t\t\t\t\t<\/div>\n\t\t\t\t<\/div>\n\t\t\t\t\t<\/div>\n\t\t<\/div>\n\t\t\t\t\t<\/div>\n\t\t<\/section>\n\t\t\t\t<\/div>\n\t\t","protected":false},"excerpt":{"rendered":"<p>O&nbsp;nas\u00a0 &nbsp; &nbsp;&nbsp;&nbsp;&nbsp;&nbsp;Mamy przyjemno\u015b\u0107 w&nbsp;podejmowaniu wyzwa\u0144, realizacji wymagaj\u0105cych zada\u0144 i&nbsp;poczuciu odniesionego sukcesu&nbsp;\u2014 zadowolenia klienta. \u00a0\u00a0\u00a0\u00a0\u00a0Nasz\u0105 pasj\u0105 i\u00a0specjalizacj\u0105 jest wykonywanie i\u00a0zabezpieczania nowych pod\u0142\u00f3g, serwisowanie, modernizacja i\u00a0odnawianie we wszystkich bran\u017cach. \u00a0 \u00a0\u00a0\u00a0\u00a0\u00a0Zu\u017cytym,\u00a0 istniej\u0105cych od lat, bez zrywania,\u00a0 oszcz\u0119dnie i\u00a0bez zb\u0119dnych przestoj\u00f3w\u00a0 przywracamy atrakcyjny, nowoczesny wygl\u0105d. Skutecznie je chronimy, aby&nbsp;pozosta\u0142y trwa\u0142e, funkcjonalne i\u00a0estetyczne przez&nbsp;wiele lat. \u00a0 \u00a0\u00a0\u00a0\u00a0\u00a0Zajmujemy si\u0119&hellip; <a class=\"more-link\" href=\"https:\/\/floorremake.pl\/index.php\/o-nas\/\">Czytaj dalej <span class=\"screen-reader-text\">O nas<\/span><\/a><\/p>\n","protected":false},"author":1,"featured_media":0,"parent":0,"menu_order":0,"comment_status":"closed","ping_status":"closed","template":"elementor_header_footer","meta":{"_eb_attr":"","footnotes":""},"class_list":["post-18","page","type-page","status-publish","hentry","entry"],"_links":{"self":[{"href":"https:\/\/floorremake.pl\/index.php\/wp-json\/wp\/v2\/pages\/18","targetHints":{"allow":["GET"]}}],"collection":[{"href":"https:\/\/floorremake.pl\/index.php\/wp-json\/wp\/v2\/pages"}],"about":[{"href":"https:\/\/floorremake.pl\/index.php\/wp-json\/wp\/v2\/types\/page"}],"author":[{"embeddable":true,"href":"https:\/\/floorremake.pl\/index.php\/wp-json\/wp\/v2\/users\/1"}],"replies":[{"embeddable":true,"href":"https:\/\/floorremake.pl\/index.php\/wp-json\/wp\/v2\/comments?post=18"}],"version-history":[{"count":184,"href":"https:\/\/floorremake.pl\/index.php\/wp-json\/wp\/v2\/pages\/18\/revisions"}],"predecessor-version":[{"id":102431,"href":"https:\/\/floorremake.pl\/index.php\/wp-json\/wp\/v2\/pages\/18\/revisions\/102431"}],"wp:attachment":[{"href":"https:\/\/floorremake.pl\/index.php\/wp-json\/wp\/v2\/media?parent=18"}],"curies":[{"name":"wp","href":"https:\/\/api.w.org\/{rel}","templated":true}]}}