{"id":17,"date":"2023-08-17T12:47:41","date_gmt":"2023-08-17T10:47:41","guid":{"rendered":"https:\/\/floorremake.pl\/?page_id=17"},"modified":"2024-08-25T14:20:49","modified_gmt":"2024-08-25T12:20:49","slug":"uslugi-dla-ciebie","status":"publish","type":"page","link":"https:\/\/floorremake.pl\/index.php\/uslugi-dla-ciebie\/","title":{"rendered":"Us\u0142ugi dla ciebie"},"content":{"rendered":"\t\t<div data-elementor-type=\"wp-page\" data-elementor-id=\"17\" class=\"elementor elementor-17\" data-elementor-post-type=\"page\">\n\t\t\t\t\t\t<section class=\"elementor-section elementor-top-section elementor-element elementor-element-278344c elementor-section-boxed elementor-section-height-default elementor-section-height-default\" data-id=\"278344c\" data-element_type=\"section\" data-e-type=\"section\" data-settings=\"{&quot;background_background&quot;:&quot;classic&quot;}\">\n\t\t\t\t\t\t<div class=\"elementor-container elementor-column-gap-default\">\n\t\t\t\t\t<div class=\"elementor-column elementor-col-50 elementor-top-column elementor-element elementor-element-6913486\" data-id=\"6913486\" data-element_type=\"column\" data-e-type=\"column\">\n\t\t\t<div class=\"elementor-widget-wrap elementor-element-populated\">\n\t\t\t\t\t\t<div class=\"elementor-element elementor-element-c377381 elementor-widget elementor-widget-spacer\" data-id=\"c377381\" data-element_type=\"widget\" data-e-type=\"widget\" data-widget_type=\"spacer.default\">\n\t\t\t\t<div class=\"elementor-widget-container\">\n\t\t\t\t\t\t\t<div class=\"elementor-spacer\">\n\t\t\t<div class=\"elementor-spacer-inner\"><\/div>\n\t\t<\/div>\n\t\t\t\t\t\t<\/div>\n\t\t\t\t<\/div>\n\t\t\t\t<div class=\"elementor-element elementor-element-25ca68d elementor-widget__width-initial elementor-absolute elementor-widget-tablet__width-initial elementor-invisible elementor-widget elementor-widget-text-editor\" data-id=\"25ca68d\" data-element_type=\"widget\" data-e-type=\"widget\" data-settings=\"{&quot;_position&quot;:&quot;absolute&quot;,&quot;_animation&quot;:&quot;fadeInUp&quot;}\" data-widget_type=\"text-editor.default\">\n\t\t\t\t<div class=\"elementor-widget-container\">\n\t\t\t\t\t\t\t\t\t<p style=\"text-align: left;\"><span style=\"font-size: 50px;\"><span style=\"color: #008000;\"><strong> Us\u0142ugi dla&nbsp;ciebie\u00a0<\/strong><\/span><\/span>\n<p>&nbsp;\n\n<p>&nbsp;&nbsp;&nbsp;&nbsp;&nbsp;<span style=\"color: #008000;\"><b>Blisko 60 milion\u00f3w <\/b><\/span>metr\u00f3w kwadratowych pod\u0142\u00f3g zosta\u0142o ju\u017c pomy\u015blnie wyremontowanych przy&nbsp;u\u017cyciu systemu renowacji pod\u0142\u00f3g Floor Remake Dr.Schutz, kt\u00f3ry dzisiaj mo\u017ce by\u0107 wykorzystanym dla&nbsp;Twoich potrzeb.\t\t\t\t\t\t\t\t<\/div>\n\t\t\t\t<\/div>\n\t\t\t\t\t<\/div>\n\t\t<\/div>\n\t\t\t\t<div class=\"elementor-column elementor-col-50 elementor-top-column elementor-element elementor-element-edf6eb4\" data-id=\"edf6eb4\" data-element_type=\"column\" data-e-type=\"column\">\n\t\t\t<div class=\"elementor-widget-wrap elementor-element-populated\">\n\t\t\t\t\t\t<section class=\"elementor-section elementor-inner-section elementor-element elementor-element-3d52582 elementor-section-boxed elementor-section-height-default elementor-section-height-default\" data-id=\"3d52582\" data-element_type=\"section\" data-e-type=\"section\">\n\t\t\t\t\t\t<div class=\"elementor-container elementor-column-gap-default\">\n\t\t\t\t\t<div class=\"elementor-column elementor-col-50 elementor-inner-column elementor-element elementor-element-a54b5cb\" data-id=\"a54b5cb\" data-element_type=\"column\" data-e-type=\"column\">\n\t\t\t<div class=\"elementor-widget-wrap\">\n\t\t\t\t\t\t\t<\/div>\n\t\t<\/div>\n\t\t\t\t<div class=\"elementor-column elementor-col-50 elementor-inner-column elementor-element elementor-element-5427919\" data-id=\"5427919\" data-element_type=\"column\" data-e-type=\"column\">\n\t\t\t<div class=\"elementor-widget-wrap\">\n\t\t\t\t\t\t\t<\/div>\n\t\t<\/div>\n\t\t\t\t\t<\/div>\n\t\t<\/section>\n\t\t\t\t\t<\/div>\n\t\t<\/div>\n\t\t\t\t\t<\/div>\n\t\t<\/section>\n\t\t\t\t<section class=\"elementor-section elementor-top-section elementor-element elementor-element-c4777dc elementor-section-boxed elementor-section-height-default elementor-section-height-default\" data-id=\"c4777dc\" data-element_type=\"section\" data-e-type=\"section\">\n\t\t\t\t\t\t<div class=\"elementor-container elementor-column-gap-default\">\n\t\t\t\t\t<div class=\"elementor-column elementor-col-100 elementor-top-column elementor-element elementor-element-e762075\" data-id=\"e762075\" data-element_type=\"column\" data-e-type=\"column\">\n\t\t\t<div class=\"elementor-widget-wrap elementor-element-populated\">\n\t\t\t\t\t\t<div class=\"elementor-element elementor-element-eccf816 elementor-hidden-tablet elementor-widget elementor-widget-spacer\" data-id=\"eccf816\" data-element_type=\"widget\" data-e-type=\"widget\" data-widget_type=\"spacer.default\">\n\t\t\t\t<div class=\"elementor-widget-container\">\n\t\t\t\t\t\t\t<div class=\"elementor-spacer\">\n\t\t\t<div class=\"elementor-spacer-inner\"><\/div>\n\t\t<\/div>\n\t\t\t\t\t\t<\/div>\n\t\t\t\t<\/div>\n\t\t\t\t\t<\/div>\n\t\t<\/div>\n\t\t\t\t\t<\/div>\n\t\t<\/section>\n\t\t\t\t<section class=\"elementor-section elementor-top-section elementor-element elementor-element-725e2b8 elementor-section-boxed elementor-section-height-default elementor-section-height-default\" data-id=\"725e2b8\" data-element_type=\"section\" data-e-type=\"section\">\n\t\t\t\t\t\t<div class=\"elementor-container elementor-column-gap-default\">\n\t\t\t\t\t<div class=\"elementor-column elementor-col-50 elementor-top-column elementor-element elementor-element-78954ec\" data-id=\"78954ec\" data-element_type=\"column\" data-e-type=\"column\">\n\t\t\t<div class=\"elementor-widget-wrap elementor-element-populated\">\n\t\t\t\t\t\t<div class=\"elementor-element elementor-element-bf4972c elementor-widget__width-initial elementor-widget elementor-widget-text-editor\" data-id=\"bf4972c\" data-element_type=\"widget\" data-e-type=\"widget\" data-widget_type=\"text-editor.default\">\n\t\t\t\t<div class=\"elementor-widget-container\">\n\t\t\t\t\t\t\t\t\t<p><span style=\"font-size: 20px;\"><span style=\"color: #008000;\"><strong>Tw\u00f3j jest ten kawa\u0142ek pod\u0142ogi, my podpowiedzmy Ci, co trzeba\u00a0 z\u00a0nim zrobi\u0107.\u00a0<\/strong><\/span><\/span><\/p><p>Monta\u017c nowych pod\u0142og wraz z&nbsp;przygotowaniem pod\u0142o\u017cy pod&nbsp;ich instalacj\u0119, skutecznie ich zabezpiecznie przed uszkodzeniami dnia codziennego, naprawa i&nbsp;odnawianie istniej\u0105cych, modernizacja pod\u0142\u00f3g r\u00f3\u017cnego typu, , design i&nbsp;indywidualne projekty to obszary naszych specjalizacji z&nbsp;sukcesem realizowanych od lat.<\/p><p>\u00a0\u00a0\u00a0Maj\u0105c to wszystko na&nbsp;uwadze, nadal poszerzamy nasz\u0105 wiedz\u0119, por\u00f3wnujemy si\u0119 z\u00a0najlepszymi, wsp\u00f3\u0142pracujemy z\u00a0najlepszymi i\u00a0d\u0105\u017cymy do&nbsp;tego, aby&nbsp;sta\u0107 si\u0119 jednym z\u00a0najlepszych.<\/p><p>\u00a0 \u00a0<\/p>\t\t\t\t\t\t\t\t<\/div>\n\t\t\t\t<\/div>\n\t\t\t\t\t<\/div>\n\t\t<\/div>\n\t\t\t\t<div class=\"elementor-column elementor-col-50 elementor-top-column elementor-element elementor-element-3680a6e\" data-id=\"3680a6e\" data-element_type=\"column\" data-e-type=\"column\">\n\t\t\t<div class=\"elementor-widget-wrap elementor-element-populated\">\n\t\t\t\t\t\t<div class=\"elementor-element elementor-element-2a1b6fe elementor-widget__width-initial elementor-widget elementor-widget-image\" data-id=\"2a1b6fe\" data-element_type=\"widget\" data-e-type=\"widget\" data-widget_type=\"image.default\">\n\t\t\t\t<div class=\"elementor-widget-container\">\n\t\t\t\t\t\t\t\t\t\t\t\t\t\t\t<img fetchpriority=\"high\" decoding=\"async\" width=\"394\" height=\"394\" src=\"https:\/\/floorremake.pl\/wp-content\/uploads\/2023\/11\/Lakirovka-parketa-mini-e1427902783581-1.jpg?v=1710857548\" class=\"attachment-large size-large wp-image-5513\" alt=\"\" srcset=\"https:\/\/floorremake.pl\/wp-content\/uploads\/2023\/11\/Lakirovka-parketa-mini-e1427902783581-1.jpg?v=1710857548 394w, https:\/\/floorremake.pl\/wp-content\/uploads\/2023\/11\/Lakirovka-parketa-mini-e1427902783581-1-300x300.jpg?v=1710857548 300w, https:\/\/floorremake.pl\/wp-content\/uploads\/2023\/11\/Lakirovka-parketa-mini-e1427902783581-1-150x150.jpg?v=1710857548 150w\" sizes=\"(max-width: 394px) 100vw, 394px\" style=\"width:100%;height:100%;max-width:394px\" \/>\t\t\t\t\t\t\t\t\t\t\t\t\t\t\t<\/div>\n\t\t\t\t<\/div>\n\t\t\t\t\t<\/div>\n\t\t<\/div>\n\t\t\t\t\t<\/div>\n\t\t<\/section>\n\t\t\t\t<section class=\"elementor-section elementor-top-section elementor-element elementor-element-ab3bed8 elementor-section-boxed elementor-section-height-default elementor-section-height-default\" data-id=\"ab3bed8\" data-element_type=\"section\" data-e-type=\"section\">\n\t\t\t\t\t\t<div class=\"elementor-container elementor-column-gap-default\">\n\t\t\t\t\t<div class=\"elementor-column elementor-col-33 elementor-top-column elementor-element elementor-element-d1159a2\" data-id=\"d1159a2\" data-element_type=\"column\" data-e-type=\"column\">\n\t\t\t<div class=\"elementor-widget-wrap elementor-element-populated\">\n\t\t\t\t\t\t<div class=\"elementor-element elementor-element-266e685 elementor-widget elementor-widget-image\" data-id=\"266e685\" data-element_type=\"widget\" data-e-type=\"widget\" data-widget_type=\"image.default\">\n\t\t\t\t<div class=\"elementor-widget-container\">\n\t\t\t\t\t\t\t\t\t\t\t\t\t\t\t<img decoding=\"async\" width=\"750\" height=\"750\" src=\"https:\/\/floorremake.pl\/wp-content\/uploads\/2023\/11\/view-of-a-person-repainting-the-parking-lines-of-the-asphalt-of-a-parking-lot-with-yellow-paint_181624-20691-1-768x768.jpg?v=1710857548\" class=\"attachment-medium_large size-medium_large wp-image-5515\" alt=\"\" srcset=\"https:\/\/floorremake.pl\/wp-content\/uploads\/2023\/11\/view-of-a-person-repainting-the-parking-lines-of-the-asphalt-of-a-parking-lot-with-yellow-paint_181624-20691-1-768x768.jpg?v=1710857548 768w, https:\/\/floorremake.pl\/wp-content\/uploads\/2023\/11\/view-of-a-person-repainting-the-parking-lines-of-the-asphalt-of-a-parking-lot-with-yellow-paint_181624-20691-1-300x300.jpg?v=1710857548 300w, https:\/\/floorremake.pl\/wp-content\/uploads\/2023\/11\/view-of-a-person-repainting-the-parking-lines-of-the-asphalt-of-a-parking-lot-with-yellow-paint_181624-20691-1-150x150.jpg?v=1710857548 150w, https:\/\/floorremake.pl\/wp-content\/uploads\/2023\/11\/view-of-a-person-repainting-the-parking-lines-of-the-asphalt-of-a-parking-lot-with-yellow-paint_181624-20691-1-700x700.jpg?v=1710857548 700w, https:\/\/floorremake.pl\/wp-content\/uploads\/2023\/11\/view-of-a-person-repainting-the-parking-lines-of-the-asphalt-of-a-parking-lot-with-yellow-paint_181624-20691-1.jpg?v=1710857548 800w\" sizes=\"(max-width: 750px) 100vw, 750px\" style=\"width:100%;height:100%;max-width:800px\" \/>\t\t\t\t\t\t\t\t\t\t\t\t\t\t\t<\/div>\n\t\t\t\t<\/div>\n\t\t\t\t\t<\/div>\n\t\t<\/div>\n\t\t\t\t<div class=\"elementor-column elementor-col-33 elementor-top-column elementor-element elementor-element-5707caf\" data-id=\"5707caf\" data-element_type=\"column\" data-e-type=\"column\">\n\t\t\t<div class=\"elementor-widget-wrap elementor-element-populated\">\n\t\t\t\t\t\t<div class=\"elementor-element elementor-element-46a9a92 elementor-widget elementor-widget-image\" data-id=\"46a9a92\" data-element_type=\"widget\" data-e-type=\"widget\" data-widget_type=\"image.default\">\n\t\t\t\t<div class=\"elementor-widget-container\">\n\t\t\t\t\t\t\t\t\t\t\t\t\t\t\t<img decoding=\"async\" width=\"408\" height=\"408\" src=\"https:\/\/floorremake.pl\/wp-content\/uploads\/2023\/11\/istockphoto-1423853199-612x612-1.jpg?v=1710857545\" class=\"attachment-medium_large size-medium_large wp-image-5525\" alt=\"\" srcset=\"https:\/\/floorremake.pl\/wp-content\/uploads\/2023\/11\/istockphoto-1423853199-612x612-1.jpg?v=1710857545 408w, https:\/\/floorremake.pl\/wp-content\/uploads\/2023\/11\/istockphoto-1423853199-612x612-1-300x300.jpg?v=1710857545 300w, https:\/\/floorremake.pl\/wp-content\/uploads\/2023\/11\/istockphoto-1423853199-612x612-1-150x150.jpg?v=1710857545 150w\" sizes=\"(max-width: 408px) 100vw, 408px\" style=\"width:100%;height:100%;max-width:408px\" \/>\t\t\t\t\t\t\t\t\t\t\t\t\t\t\t<\/div>\n\t\t\t\t<\/div>\n\t\t\t\t\t<\/div>\n\t\t<\/div>\n\t\t\t\t<div class=\"elementor-column elementor-col-33 elementor-top-column elementor-element elementor-element-7fb4326\" data-id=\"7fb4326\" data-element_type=\"column\" data-e-type=\"column\">\n\t\t\t<div class=\"elementor-widget-wrap elementor-element-populated\">\n\t\t\t\t\t\t<div class=\"elementor-element elementor-element-69c6125 elementor-widget elementor-widget-text-editor\" data-id=\"69c6125\" data-element_type=\"widget\" data-e-type=\"widget\" data-widget_type=\"text-editor.default\">\n\t\t\t\t<div class=\"elementor-widget-container\">\n\t\t\t\t\t\t\t\t\t<p>Szanuj\u0105c Tw\u00f3j czas, Twoje pieni\u0105dze, nasze wsp\u00f3lne \u015brodowisko, nasz\u0105 planet\u0119, nasz\u0105 przysz\u0142o\u015b\u0107\u00a0\u2014 jeste\u015bmy zawsze do&nbsp;Twojej dyspozycji.<\/p><p>To, co<span style=\"color: #000000;\"> stawiamy do&nbsp;Twojej depozycji to przede wszystkim ponad 30 lat do\u015bwiadczenia i&nbsp;wysok\u0105 jako\u015b\u0107; nasze\u2014jako wykonawcy i&nbsp;Dr.Schutz\u2014 producenta materia\u0142\u00f3w i&nbsp;technologii.<\/span><\/p><p>\u00a0\u00a0\u00a0\u00a0\u00a0Wybieraj\u0105c Floor Remake wybierasz to co najlepsze; wiedz\u0119,\u00a0 do\u015bwiadczenie, sprawdzon\u0105 technologi\u0119, materia\u0142y najwy\u017cszej jako\u015bci i\u00a0rzeczowe doradztwo i\u00a0gwarancj\u0119 na&nbsp;wiele lat.<\/p><p>\u00a0\u00a0\u00a0\u00a0\u00a0Efektem tego wyboru zawsze jest \u2014 optymalne rozwi\u0105zanie i\u00a0jego najlepsze wykonanie.<\/p>\t\t\t\t\t\t\t\t<\/div>\n\t\t\t\t<\/div>\n\t\t\t\t\t<\/div>\n\t\t<\/div>\n\t\t\t\t\t<\/div>\n\t\t<\/section>\n\t\t\t\t<section class=\"elementor-section elementor-top-section elementor-element elementor-element-58753e0 elementor-section-boxed elementor-section-height-default elementor-section-height-default\" data-id=\"58753e0\" data-element_type=\"section\" data-e-type=\"section\">\n\t\t\t\t\t\t<div class=\"elementor-container elementor-column-gap-default\">\n\t\t\t\t\t<div class=\"elementor-column elementor-col-100 elementor-top-column elementor-element elementor-element-048c675\" data-id=\"048c675\" data-element_type=\"column\" data-e-type=\"column\">\n\t\t\t<div class=\"elementor-widget-wrap elementor-element-populated\">\n\t\t\t\t\t\t<div class=\"elementor-element elementor-element-8fcd436 elementor-widget elementor-widget-spacer\" data-id=\"8fcd436\" data-element_type=\"widget\" data-e-type=\"widget\" data-widget_type=\"spacer.default\">\n\t\t\t\t<div class=\"elementor-widget-container\">\n\t\t\t\t\t\t\t<div class=\"elementor-spacer\">\n\t\t\t<div class=\"elementor-spacer-inner\"><\/div>\n\t\t<\/div>\n\t\t\t\t\t\t<\/div>\n\t\t\t\t<\/div>\n\t\t\t\t<div class=\"elementor-element elementor-element-eaaba2e elementor-widget elementor-widget-image\" data-id=\"eaaba2e\" data-element_type=\"widget\" data-e-type=\"widget\" data-widget_type=\"image.default\">\n\t\t\t\t<div class=\"elementor-widget-container\">\n\t\t\t\t\t\t\t\t\t\t\t\t\t\t\t<img loading=\"lazy\" decoding=\"async\" width=\"750\" height=\"560\" src=\"https:\/\/floorremake.pl\/wp-content\/uploads\/2023\/11\/776596A3-86C4-4018-8ABC-E616C92A7FE9-768x573.jpg?v=1710857533\" class=\"attachment-medium_large size-medium_large wp-image-5553\" alt=\"\" srcset=\"https:\/\/floorremake.pl\/wp-content\/uploads\/2023\/11\/776596A3-86C4-4018-8ABC-E616C92A7FE9-768x573.jpg?v=1710857533 768w, https:\/\/floorremake.pl\/wp-content\/uploads\/2023\/11\/776596A3-86C4-4018-8ABC-E616C92A7FE9-300x224.jpg?v=1710857533 300w, https:\/\/floorremake.pl\/wp-content\/uploads\/2023\/11\/776596A3-86C4-4018-8ABC-E616C92A7FE9.jpg?v=1710857533 1024w\" sizes=\"(max-width: 750px) 100vw, 750px\" style=\"width:100%;height:74.61%;max-width:1024px\" \/>\t\t\t\t\t\t\t\t\t\t\t\t\t\t\t<\/div>\n\t\t\t\t<\/div>\n\t\t\t\t<div class=\"elementor-element elementor-element-00a305d elementor-widget elementor-widget-spacer\" data-id=\"00a305d\" data-element_type=\"widget\" data-e-type=\"widget\" data-widget_type=\"spacer.default\">\n\t\t\t\t<div class=\"elementor-widget-container\">\n\t\t\t\t\t\t\t<div class=\"elementor-spacer\">\n\t\t\t<div class=\"elementor-spacer-inner\"><\/div>\n\t\t<\/div>\n\t\t\t\t\t\t<\/div>\n\t\t\t\t<\/div>\n\t\t\t\t\t<\/div>\n\t\t<\/div>\n\t\t\t\t\t<\/div>\n\t\t<\/section>\n\t\t\t\t<section class=\"elementor-section elementor-top-section elementor-element elementor-element-2fc3b3e elementor-section-full_width elementor-section-height-default elementor-section-height-default\" data-id=\"2fc3b3e\" data-element_type=\"section\" data-e-type=\"section\" data-settings=\"{&quot;background_background&quot;:&quot;gradient&quot;}\">\n\t\t\t\t\t\t<div class=\"elementor-container elementor-column-gap-default\">\n\t\t\t\t\t<div class=\"elementor-column elementor-col-33 elementor-top-column elementor-element elementor-element-f7631dd\" data-id=\"f7631dd\" data-element_type=\"column\" data-e-type=\"column\">\n\t\t\t<div class=\"elementor-widget-wrap elementor-element-populated\">\n\t\t\t\t\t\t<div class=\"elementor-element elementor-element-ed8fca6 elementor-widget elementor-widget-heading\" data-id=\"ed8fca6\" data-element_type=\"widget\" data-e-type=\"widget\" data-widget_type=\"heading.default\">\n\t\t\t\t<div class=\"elementor-widget-container\">\n\t\t\t\t\t<h3 class=\"elementor-heading-title elementor-size-default\">Masz pytania?  <\/h3>\t\t\t\t<\/div>\n\t\t\t\t<\/div>\n\t\t\t\t\t<\/div>\n\t\t<\/div>\n\t\t\t\t<div class=\"elementor-column elementor-col-33 elementor-top-column elementor-element elementor-element-6c41e6e\" data-id=\"6c41e6e\" data-element_type=\"column\" data-e-type=\"column\">\n\t\t\t<div class=\"elementor-widget-wrap elementor-element-populated\">\n\t\t\t\t\t\t<div class=\"elementor-element elementor-element-a375fa4 elementor-widget elementor-widget-heading\" data-id=\"a375fa4\" data-element_type=\"widget\" data-e-type=\"widget\" data-widget_type=\"heading.default\">\n\t\t\t\t<div class=\"elementor-widget-container\">\n\t\t\t\t\t<h3 class=\"elementor-heading-title elementor-size-default\">Potrzebujesz porady?<\/h3>\t\t\t\t<\/div>\n\t\t\t\t<\/div>\n\t\t\t\t\t<\/div>\n\t\t<\/div>\n\t\t\t\t<div class=\"elementor-column elementor-col-33 elementor-top-column elementor-element elementor-element-ad7e28c\" data-id=\"ad7e28c\" data-element_type=\"column\" data-e-type=\"column\">\n\t\t\t<div class=\"elementor-widget-wrap elementor-element-populated\">\n\t\t\t\t\t\t<div class=\"elementor-element elementor-element-4f353e8 elementor-align-right elementor-mobile-align-center elementor-widget elementor-widget-button\" data-id=\"4f353e8\" data-element_type=\"widget\" data-e-type=\"widget\" data-widget_type=\"button.default\">\n\t\t\t\t<div class=\"elementor-widget-container\">\n\t\t\t\t\t\t\t\t\t<div class=\"elementor-button-wrapper\">\n\t\t\t\t\t<a class=\"elementor-button elementor-button-link elementor-size-md\" href=\"#\">\n\t\t\t\t\t\t<span class=\"elementor-button-content-wrapper\">\n\t\t\t\t\t\t<span class=\"elementor-button-icon\">\n\t\t\t\t<i aria-hidden=\"true\" class=\"fas fa-share\"><\/i>\t\t\t<\/span>\n\t\t\t\t\t\t\t\t\t<span class=\"elementor-button-text\">Nawi\u0105\u017c z&nbsp;nami kontakt <\/span>\n\t\t\t\t\t<\/span>\n\t\t\t\t\t<\/a>\n\t\t\t\t<\/div>\n\t\t\t\t\t\t\t\t<\/div>\n\t\t\t\t<\/div>\n\t\t\t\t\t<\/div>\n\t\t<\/div>\n\t\t\t\t\t<\/div>\n\t\t<\/section>\n\t\t\t\t<section class=\"elementor-section elementor-top-section elementor-element elementor-element-ad61eb6 elementor-section-full_width elementor-section-height-min-height elementor-section-height-default elementor-section-items-middle\" data-id=\"ad61eb6\" data-element_type=\"section\" data-e-type=\"section\" data-settings=\"{&quot;background_background&quot;:&quot;gradient&quot;}\">\n\t\t\t\t\t\t<div class=\"elementor-container elementor-column-gap-default\">\n\t\t\t\t\t<div class=\"elementor-column elementor-col-100 elementor-top-column elementor-element elementor-element-d5ae877\" data-id=\"d5ae877\" data-element_type=\"column\" data-e-type=\"column\">\n\t\t\t<div class=\"elementor-widget-wrap elementor-element-populated\">\n\t\t\t\t\t\t<div class=\"elementor-element elementor-element-cc3dcb6 elementor-widget-divider--view-line elementor-widget elementor-widget-divider\" data-id=\"cc3dcb6\" data-element_type=\"widget\" data-e-type=\"widget\" data-widget_type=\"divider.default\">\n\t\t\t\t<div class=\"elementor-widget-container\">\n\t\t\t\t\t\t\t<div class=\"elementor-divider\">\n\t\t\t<span class=\"elementor-divider-separator\">\n\t\t\t\t\t\t<\/span>\n\t\t<\/div>\n\t\t\t\t\t\t<\/div>\n\t\t\t\t<\/div>\n\t\t\t\t\t<\/div>\n\t\t<\/div>\n\t\t\t\t\t<\/div>\n\t\t<\/section>\n\t\t\t\t<\/div>\n\t\t","protected":false},"excerpt":{"rendered":"<p>Us\u0142ugi dla&nbsp;ciebie\u00a0 &nbsp; &nbsp;&nbsp;&nbsp;&nbsp;&nbsp;Blisko 60 milion\u00f3w metr\u00f3w kwadratowych pod\u0142\u00f3g zosta\u0142o ju\u017c pomy\u015blnie wyremontowanych przy&nbsp;u\u017cyciu systemu renowacji pod\u0142\u00f3g Floor Remake Dr.Schutz, kt\u00f3ry dzisiaj mo\u017ce by\u0107 wykorzystanym dla&nbsp;Twoich potrzeb. Tw\u00f3j jest ten kawa\u0142ek pod\u0142ogi, my podpowiedzmy Ci, co trzeba\u00a0 z\u00a0nim zrobi\u0107.\u00a0 Monta\u017c nowych pod\u0142og wraz z&nbsp;przygotowaniem pod\u0142o\u017cy pod&nbsp;ich instalacj\u0119, skutecznie ich zabezpiecznie przed uszkodzeniami dnia codziennego, naprawa&hellip; <a class=\"more-link\" href=\"https:\/\/floorremake.pl\/index.php\/uslugi-dla-ciebie\/\">Czytaj dalej <span class=\"screen-reader-text\">Us\u0142ugi dla ciebie<\/span><\/a><\/p>\n","protected":false},"author":1,"featured_media":0,"parent":0,"menu_order":0,"comment_status":"closed","ping_status":"closed","template":"elementor_header_footer","meta":{"_eb_attr":"","footnotes":""},"class_list":["post-17","page","type-page","status-publish","hentry","entry"],"_links":{"self":[{"href":"https:\/\/floorremake.pl\/index.php\/wp-json\/wp\/v2\/pages\/17","targetHints":{"allow":["GET"]}}],"collection":[{"href":"https:\/\/floorremake.pl\/index.php\/wp-json\/wp\/v2\/pages"}],"about":[{"href":"https:\/\/floorremake.pl\/index.php\/wp-json\/wp\/v2\/types\/page"}],"author":[{"embeddable":true,"href":"https:\/\/floorremake.pl\/index.php\/wp-json\/wp\/v2\/users\/1"}],"replies":[{"embeddable":true,"href":"https:\/\/floorremake.pl\/index.php\/wp-json\/wp\/v2\/comments?post=17"}],"version-history":[{"count":115,"href":"https:\/\/floorremake.pl\/index.php\/wp-json\/wp\/v2\/pages\/17\/revisions"}],"predecessor-version":[{"id":104072,"href":"https:\/\/floorremake.pl\/index.php\/wp-json\/wp\/v2\/pages\/17\/revisions\/104072"}],"wp:attachment":[{"href":"https:\/\/floorremake.pl\/index.php\/wp-json\/wp\/v2\/media?parent=17"}],"curies":[{"name":"wp","href":"https:\/\/api.w.org\/{rel}","templated":true}]}}